is -110 + -1112011010?
-1112011120
In base 8, what is 633776 + 10?
634006
In base 14, what is -171 + -51?
-1c2
In base 5, what is 13234 + 101433?
120222
In base 13, what is 40 - a94?
-a54
In base 11, what is -56542 + -2?
-56544
In base 10, what is 21266 + 89?
21355
In base 5, what is 44211130 + -10?
44211120
In base 13, what is 1 + -105c4?
-105c3
In base 11, what is 1399 - -9a?
1488
In base 16, what is -32a + 22ab?
1f81
In base 9, what is 70 - 14156?
-14076
In base 8, what is 13 + 11072?
11105
In base 3, what is -1122001221 - 21?
-1122002012
In base 11, what is 4 - 12610?
-12607
In base 10, what is 15 + 5378?
5393
In base 3, what is -12010010200 - -12?
-12010010111
In base 15, what is -4 - 1c071?
-1c075
In base 4, what is -11221201231 - -10?
-11221201221
In base 14, what is 76a0 - 7?
7697
In base 11, what is -8a - -a?
-80
In base 11, what is -233 - 214?
-447
In base 6, what is -14351522 + -2?
-14351524
In base 4, what is 21101 + -30112?
-3011
In base 9, what is 33726 + 2?
33728
In base 4, what is 10 - -20200022?
20200032
In base 13, what is -1054 + 6?
-104b
In base 4, what is 10 - 20121200?
-20121130
In base 16, what is 2 - 41b3?
-41b1
In base 4, what is 1020211 - -322?
1021133
In base 2, what is -1011010001000010 + 10?
-1011010001000000
In base 12, what is -860 - 19?
-879
In base 4, what is -11330002 - 1?
-11330003
In base 6, what is 553 + -52054?
-51101
In base 12, what is -4 - -2003?
1bbb
In base 5, what is 2 - -10340022?
10340024
In base 10, what is -648 - -13?
-635
In base 5, what is -40 + -244?
-334
In base 9, what is 6775 - -121?
7006
In base 5, what is -4 - 1444040?
-1444044
In base 4, what is 203 - 1232120?
-1231311
In base 6, what is 2 - -1002030?
1002032
In base 9, what is -28 - 13682?
-13721
In base 4, what is 200 - -1001320?
1002120
In base 13, what is 174 - -5243?
53b7
In base 7, what is 13225 + -563?
12332
In base 4, what is -2010110001 - 0?
-2010110001
In base 7, what is -1044 - -3312?
2235
In base 12, what is 2 - 5218?
-5216
In base 8, what is -22677 - -44?
-22633
In base 11, what is -11a - 3777?
-3896
In base 13, what is 6567 - 24?
6543
In base 11, what is 72a1 + -28?
7274
In base 8, what is 20 - -3170?
3210
In base 8, what is -3 - 31563?
-31566
In base 9, what is 4 + -11730?
-11725
In base 5, what is 22312 - -100?
22412
In base 9, what is -184533 - -4?
-184528
In base 16, what is -e8 - 24?
-10c
In base 4, what is 11032200 - -202?
11033002
In base 13, what is 2 - -ab76?
ab78
In base 4, what is -2033023 - -3200?
-2023223
In base 6, what is 543255 - 15?
543240
In base 4, what is -3032212121 - 1?
-3032212122
In base 14, what is -3 - d9262?
-d9265
In base 15, what is bb3 + 2ed?
eb1
In base 6, what is -41 - 524?
-1005
In base 5, what is -10013 + -1322?
-11340
In base 13, what is 7 + 140934?
14093b
In base 2, what is 10011011 - -11010011100110?
11010110000001
In base 4, what is -21133101 + 10?
-21133031
In base 9, what is -4338 + 24?
-4314
In base 16, what is 2b3cb + 3?
2b3ce
In base 9, what is 660721 + 5?
660726
In base 9, what is 354076 + 5?
354082
In base 11, what is -72 + -478?
-53a
In base 10, what is -3 + 12739?
12736
In base 3, what is -12201 + -20101?
-110002
In base 9, what is 5 - -37406?
37412
In base 5, what is 13222 + 3320?
22042
In base 6, what is 2 - 422320?
-422314
In base 8, what is 7203 + -107?
7074
In base 5, what is 3 - 34402014?
-34402011
In base 2, what is -101011110110110 + 1000001?
-101011101110101
In base 13, what is 23 - 1838?
-1815
In base 4, what is -3233 - 1022?
-10321
In base 16, what is -45f8 - 35?
-462d
In base 10, what is -5 - -28451?
28446
In base 5, what is 1142412 + 12?
1142424
In base 8, what is 727713 - 2?
727711
In base 9, what is 144 + -738?
-584
In base 15, what is -e6 - 3e1?
-4d7
In base 14, what is 9ad57 + -2?
9ad55
In base 16, what is 2 - 154b8?
-154b6
In base 6, what is -340154 + 15?
-340135
In base 7, what is -23554643 - -3?
-23554640
In base 3, what is -2122002102 + -10?
-2122002112
In base 14, what is 21 - -3?
24
In base 9, what is 2 - -18024?
18026
In base 9, what is 26322 + 1?
26323
In base 11, what is 33558 + 32?
3358a
In base 13, what is 43 + 47?
8a
In base 16, what is -500e + -6?
-5014
In base 9, what is 48878 + 2?
48881
In base 11, what is 1 + 862257?
862258
In base 5, what is -33403 - 132?
-34040
In base 14, what is a0b8 - 4?
a0b4
In base 11, what is -8 - 101910?
-101918
In base 10, what is -4 - 29054?
-29058
In base 14, what is 2 - -29b38?
29b3a
In base 13, what is -c5a - 85?
-1012
In base 2, what is 11101 + -11100111000101?
-11100110101000
In base 6, what is 21 + -4044045?
-4044024
In base 13, what is -1b0b + 20?
-1abb
In base 10, what is -8 - -15437?
15429
In base 13, what is 5 + -2b5b?
-2b56
In base 4, what is 1203 + 1301133?
1303002
In base 15, what is 440c - -b?
4418
In base 7, what is -3 + -1144251?
-1144254
In base 14, what is 83 - 120?
-7b
In base 11, what is -a5 - -4210?
4116
In base 13, what is -b687 + 5?
-b682
In base 15, what is -1558 - -8?
-1550
In base 15, what is -21 + 6a75?
6a54
In base 4, what is -131 - 202001021?
-202001212
In base 7, what is 12 - 11515?
-11503
In base 15, what is -2b7 + 2a?
-28c
In base 8, what is 3 - 41313?
-41310
In base 4, what is 10 - 103312030?
-103312020
In base 10, what is -8624 + 5?
-8619
In base 4, what is -11 + 2003122?
2003111
In base 8, what is 5 - 23?
-16
In base 15, what is 58040 + -2?
5803d
In base 6, what is -113003 + 24?
-112535
In base 13, what is -1 + -183ca?
-183cb
In base 11, what is -1 - -103482?
103481
In base 16, what is -b9 - 5da?
-693
In base 11, what is 276a6 - -9?
27704
In base 14, what is -31 + 2aa94?
2aa63
In base 8, what is -15 + 37517?
37502
In base 4, what is 3033033 + -10?
3033023
In base 8, what is 5 + 43652?
43657
In base 8, what is 27 + -12264?
-12235
In base 3, what is -2 + -100200010202?
-100200010211
In base 9, what is -55 + -2861?
-3026
In base 16, what is 34860 + -2?
3485e
In base 11, what is 4 + 42481?
42485
In base 6, what is -101253312 - -5?
-101253303
In base 14, what is -a0049 + 5?
-a0044
In base 16, what is 0 + 4b59?
4b59
In base 10, what is 239396 + -2?
239394
In base 3, what is -1 - -1121211012?
1121211011
In base 9, what is 1231162 - -10?
1231172
In base 12, what is 16a + 3bb?
569
In base 13, what is -13575 + 16?
-1355c
In base 13, what is -5 - 15b9?
-15c1
In base 13, what is 3 - 144b2?
-144ac
In base 6, what is -113214 - -2?
-113212
In base 9, what is 23088 + 4?
23103
In base 10, what is 16 + -5958?
-5942
In base 10, what is -112582 + -4?
-112586
In base 9, what is 1176 + 4?
1181
In base 9, what is -21 + 5165?
5144
In base 16, what is d2 - 3ad?
-2db
In base 6, what is -512155 + 5?
-512150
In base 11, what is -a793 - -1?
-a792
In base 4, what is -123200 + 30?
-123110
In base 3, what is 12202220 - -200101?
20110021
In base 12, what is 3 - 7b07?
-7b04
In base 8, what is -13671 - 54?
-13745
In base 8, what is -51737 + -5?
-51744
In base 8, what is 204 - 11753?
-11547
In base 5, what is -121430 + 1444?
-114431
In base 13, what is 9196b + -8?
91963
In base 2, what is 10000011010 - -1000000010?
11000011100
In base 8, what is -3165740 - 0?
-3165740
In base 5, what is -42 - -402?
310
In base 9, what is 10 + -14305?
-14285
In base 11, what is 280 - -2?
282
In base 5, what is -111 + 12224?
12113
In base 14, what is 10c3 - 75?
104c
In base 2, what is -10 - -101111011101001101?
101111011101001011
In base 10, what is -1 - -40842?
40841
In base 9, what is -2 + 616540?
616537
In base 7, what is -1343 + -2004?
-3350
In base 7, what is -156 + -5351?
-5540
In base 3, what is 0 - 1022221202?
-1022221202
In base 4, what is -1231 + 202333?
201102
In base 11, what is 42217 + 31?
42248
In base 13, what is -ab2283 - 4?
-ab2287
In base 14, what is -a554 - -4?
-a550
In base 5, what is 20024 - 33?
14441
In base 14, what is c + -b24c?
-b240
In base 11, what is 87 + -2a563?
-2a487
In base 2, what is -1001100101 + -1000000?
-1010100101
In base 15, what is -3cdb7b - 0?
-3cdb7b
In base 11, what is 485 + -86?
3aa
In base 6, what is -50 + 4413?
4323
In base 3, what is 101 - 102122011?
-102121210
In base 16, what is -113d6 - -18?
-113be
In base 16, what is 18 - 2451?
-2439
In base 10, what is -29185 - -2?
-29183
In base 13, what is 170496 + 5?
17049b
In base 13, what is -a5b18 + 6?
-a5b12
In base 7, what is 14341 - 1030?
